 -5*s - 0*u, -4*s + 5*u + l = 0. What is the hundreds digit of s?
8
What is the thousands digit of 1 + (20/(-2) - (133 - 52875))?
2
Let f be (-14)/(-8) + -4 + 85/20. Suppose 2*o = x + 2*x + 36, 2*x = f*o - 34. What is the hundreds digit of (-6068)/(-60) + (-2)/o?
1
Suppose 228072 = -106*r + 123*r. What is the hundreds digit of r?
4
Let u(f) = 2*f**3 + f**2 + 8*f - 20. Let m be u(7). Let i = m + -388. What is the units digit of i?
3
Suppose -5*g + 5062 = -4*y + 14732, 3*y + 5*g - 7270 = 0. Suppose y = 78*s - 73*s. What is the units digit of s?
4
Suppose 7*h - 4 = 31. Suppose l - 442 + 119 = 4*q, q = h*l - 1691. What is the units digit of l?
9
Suppose -3*m + 18 = -5*q - 138, -4*m - 22 = q. Let y = q + 38. Suppose -y*g + 404 = -164. What is the tens digit of g?
7
Let j be 25/(-10)*-2*1. Suppose j*g + 1135 = 3*m, 118 = -2*m - 2*g + 880. Suppose -v - m = -6*v. What is the tens digit of v?
7
Let g be ((-6)/(-4))/((-9)/(-12)). Suppose -b + x + 445 = -x, g*b - x = 890. What is the hundreds digit of b?
4
Suppose -44*f + 80811 = -101833. What is the thousands digit of f?
4
Suppose q = 3*b + 33484, 0 = 3*q + 80*b - 91*b - 100440. What is the tens digit of q?
0
Suppose a - 2280 = -2*a. Suppose 56 = -3*h + 11*h. Suppose -h*o + a = o. What is the tens digit of o?
9
Let v be 18/63 - 16/7. Let j(c) = -3*c**3 - 6*c**2 - 2*c + 1. Let o be j(v). Suppose -y + 2*n = 6*n - 215, o*y = 5*n + 975. What is the tens digit of y?
9
Suppose 0 = 5*b + 15, 4*p - 13 = 5*b + 22. Suppose -x + 5*x + 2*k - 2514 = 0, -15 = -p*k. What is the tens digit of x?
2
Let z = 44366 - -12311. What is the units digit of z?
7
Suppose 2*c = -4*k - 40, 4*k + 68 = -3*c - 0*k. Let w be (-88)/(2/(-2) - (24 - 27)). Let p = c - w. What is the tens digit of p?
1
Let u = 1796 - 218. Suppose 14*z - u = 32. Let w = z - 97. What is the units digit of w?
8
Let h = 1278 - -546. Let g = -1289 + h. What is the units digit of g?
5
Let w(f) = -16*f**3 + 18*f**2 + 60*f + 46. What is the hundreds digit of w(-10)?
2
Let x = -6831 + 34024. Suppose 0 = 38*k - x + 8269. What is the hundreds digit of k?
4
Let u = -28022 - -48747. What is the units digit of u?
5
Let a = 148 - 144. Suppose a*z - 4*w = 624, -11 + 9 = -w. What is the units digit of z?
8
Let l(j) = 15*j + 171. Let n be l(-11). What is the tens digit of -3166*(39/n + -7)?
8
Let p(o) be the first derivative of 23*o**3/3 + 5*o**2/2 + o + 74. What is the units digit of p(6)?
9
Let f = 422 - -684. What is the thousands digit of f?
1
Let w(x) = 3835*x**2 - 287*x - 565. What is the ten thousands digit of w(-2)?
1
Suppose 47*v = 61*v - 159026. What is the thousands digit of v?
1
Suppose 5*b - 2*a - 69779 = 0, 0 = -3*b + a + 5396 + 36472. What is the hundreds digit of b?
9
Let i be (3/((-30)/4))/((-30)/(-3900)). Let y = i - -126. What is the tens digit of y?
7
What is the ten thousands digit of (-25086)/(-24)*-6*(8 - 396/27)?
4
What is the hundreds digit of ((-5)/(-1) - (-30260)/(-51))*(0 + -3)?
7
Suppose -45 = -5*q, -558 = w - 2*q - 5726. What is the tens digit of w?
8
Let k(c) = -47*c + 62. Let g(y) = 49*y - 63. Let p(i) = 3*g(i) + 2*k(i). What is the tens digit of p(7)?
0
Let c = 791 + -458. Let v = 1236 - c. What is the hundreds digit of v?
9
Suppose 65244 - 60879 = 101*y - 231470. What is the thousands digit of y?
2
Let c(z) be the second derivative of z**5/12 + z**4/12 + z**3/3 + 7*z**2 - 30*z. Let s(u) be the first derivative of c(u). What is the units digit of s(-4)?
4
Let q be (-22)/132 + (-1)/(6/(-43)). Suppose 3*l + 952 = q*l. What is the tens digit of l?
3
Let m be (12/(-9))/(-1 - 2/(-3)). Suppose 7*r - m*r = 6. Suppose 0 = -3*o - 4*t + 270, -r*o - 2*o = -2*t - 360. What is the units digit of o?
0
Let g(t) = 119*t**3 - 5*t**2 + 10*t - 11. Let w(f) = -238*f**3 + 8*f**2 - 18*f + 20. Let d(u) = -5*g(u) - 3*w(u). What is the tens digit of d(1)?
1
Suppose -3*g - 9 = 0, -8*v - 8084 = -10*v - 4*g. What is the thousands digit of v?
4
Let y(x) = -55*x - 8. Let a(q) be the second derivative of -28*q**3/3 - 4*q**2 - 9*q. Let v(b) = -6*a(b) + 5*y(b). What is the tens digit of v(2)?
3
Suppose g = -g - 118. Let x(k) = 7*k**2 - 11*k + 6. Let u be x(5). Let z = g + u. What is the units digit of z?
7
Suppose 504 = -0*q - 4*q. What is the units digit of (32/(-48))/(1/q)?
4
Suppose -4*r - j + 20 = 0, 3*r - r = 5*j - 12. Suppose -8 + 26 = 6*y. Suppose r*s = -2*l + 234, 117 = l + 7*s - y*s. What is the tens digit of l?
1
Suppose -l - 4*l + 5*m = 2300, l = 3*m - 466. Let g = 277 + l. Let t = -89 - g. What is the tens digit of t?
9
Let s = 9941 - -1034. What is the thousands digit of s?
0
Let v(d) = -1629*d**3 + 36*d + 129. What is the thousands digit of v(-3)?
4
Let q = 379 - 228. Suppose -q*y + 152*y - 1024 = 0. What is the thousands digit of y?
1
Suppose 4*w + 9349 + 24367 = 0. What is the units digit of w/(-6) + 94/(-12) + 8?
5
Suppose -193 - 59 = -12*f. Let u(v) = -v**3 + 24*v**2 - 52*v - 1. What is the units digit of u(f)?
0
Suppose -651 + 5573 = 6*p - 1732. What is the thousands digit of p?
1
What is the units digit of (-3)/2 - ((-73919)/2 - (-131 - -142))?
9
Let d = 0 - -4. Suppose -268 - 221 = -3*s - 378. Suppose p + 78 = 3*g + d*p, -2*g + s = 5*p. What is the units digit of g?
1
Suppose 0 = 5*o, 7*u - o - 9722 = 5*u + 1822. What is the units digit of u?
2
Let b = 182 - 87. Let n = -60 + b. Suppose -6*h + 45 = -2*h - 5*f, 2*f + n = 5*h. What is the units digit of h?
5
What is the units digit of (20173/(-3))/(-185 + 189 - 50/12)?
6
Let s = 242 - 240. Suppose -2*n + 3*o = -6*n + 1258, 0 = o + s. What is the tens digit of n?
1
Suppose -1506 = 4*z - 2*g, -2*z = -4*z - g - 759. What is the hundreds digit of -2*2/(-2) + z/(-2)?
1
Suppose -2*n - 3*b = n + 51, 0 = -4*n - 5*b - 63. Let d = n + 25. Suppose d*g = 0, 5*i - 4*i = g + 91. What is the tens digit of i?
9
Let i(s) be the third derivative of s**6/10 + s**5/20 + s**4/24 - s**3/2 - 22*s**2. What is the tens digit of i(2)?
0
Let c be 0 + 7 + -8 + 1279. Suppose -4*h = -u + c, -5*u - 11*h + 6298 = -8*h. What is the tens digit of u?
6
What is the hundreds digit of (-3)/(((-261568)/213966 - -1) + 272/1224)?
8
Let h(r) = -r**3 + 19*r**2 + 27*r + 17. Let f(b) = 10*b**2 - 6*b - 5. Let c be f(-2). Suppose -3*y + c + 13 = 0. What is the tens digit of h(y)?
5
Suppose 11*z - 55540 = 6*z + a, -33324 = -3*z - 2*a. What is the ten thousands digit of z?
1
Let a(g) = -g**2 - 96*g - 362. What is the tens digit of a(-52)?
2
Let a = -6807 + 16167. What is the hundreds digit of a?
3
Let k be (-4290)/242*-3 - (-4)/(-22). Suppose w - 2*w = -6. Let r = k - w. What is the units digit of r?
7
Let x = 101 - 116. Let h(q) = -q**3 - 13*q**2 + 25*q + 27. What is the tens digit of h(x)?
0
Let v be (-14)/(-21) - (-2)/(-3). Suppose v = u - 4, 4*z - 3*u - 213 + 41 = 0. What is the tens digit of z?
4
Let u(z) = 83*z**3 + 6*z**2 - 5*z - 5. Let h(w) = 415*w**3 + 31*w**2 - 26*w - 26. Let x(d) = -2*h(d) + 11*u(d). What is the tens digit of x(2)?
7
What is the hundreds digit of (-45)/(-5) + (-21 - 64885)*1/(-2)?
4
Let y be ((-1)/2)/(3/(-30)). Let x be 2/y + (-12984)/(-40). Suppose -9*z = -4*z - x. What is the units digit of z?
5
Let k = 11177 + -5712. What is the tens digit of k?
6
Let w(k) = -k**3 + 49*k**2 - 27*k - 87. What is the units digit of w(31)?
4
What is the thousands digit of 7 - (-7894 - (-104)/(-13))?
7
Suppose -18*q + 15*q = -219. Let a = 87 - q. What is the units digit of a?
4
Let w = -2428 + 7179. What is the units digit of w?
1
Suppose 222*d - 145*d - 2664970 = 0. What is the ten thousands digit of d?
3
Suppose 28 = 114*v - 116*v. Let z = 74 - v. What is the tens digit of z?
8
Let h = -42890 + 74619. What is the tens digit of h?
2
Let k(o) be the second derivative of -o**5/20 + 3*o**4/2 - 35*o**3/6 + o**2/2 + 9*o. What is the hundreds digit of k(7)?
2
Let p(s) = 21*s + 8. Let o be p(12). Suppose -13090 = -o*n + 250*n. What is the hundreds digit of n?
3
Suppose 0 = 15*j - 143455 + 47020. What is the units digit of j?
9
Let n(r) = r**3 - 21*r**2 - 27*r + 41. What is the thousands digit of n(44)?
3
Let r be (-3)/((-12)/412) + 5. Suppose 601 = -107*b + r*b. What is the tens digit of b?
0
Let b(z) = -z**3 - 24*z**2 - 29*z + 41. Let f be b(-24). Suppose -f - 238 = -2*x + 5*u, -2*x + u = -971. What is the hundreds digit of x?
4
Suppose -4*y - 